**4/12 + 2*o**3/3 - 4*o**2 + o. Let s(h) = 2*h**3 + 18*h**2 - 11*h + 16. Let p be s(-9). Let u = p - 121. Determine b(u).
4
Let p(s) = -s**3 + 16*s**2 - 15*s + 5. Let y be p(15). Suppose -y*r + 17*r = 24. Let j(i) = i**3 - 2*i**2 - 4*i + 3. Calculate j(r).
-5
Let m(x) = 465 + 472 + 2*x + 2*x**2 - 934 - 4*x - 2*x**3. Determine m(2).
-9
Let n = 10 - 6. Suppose n*b = 2*b + 14. Let k(o) = o**2 - 8*o + 8. Give k(b).
1
Let a(k) = 5*k**3 - 4*k**2 + 2*k + 2. Let t be (-1)/((-105)/(-14) - 8). Determine a(t).
30
Let f(a) = -3*a + 6. Suppose 20 = -9*b + 56. Let q(j) = 3*j - 16. Let y(s) = s - 5. Let x(r) = 4*q(r) - 14*y(r). Let z(i) = b*f(i) - 5*x(i). What is z(-4)?
2
Let o(i) = 3*i**3 - 31*i**2 - 24*i - 34. Let d(q) = -8*q**3 + 91*q**2 + 72*q + 104. Let v(x) = -4*d(x) - 11*o(x). Determine v(-22).
2
Let y(w) = -15*w**3 + 2*w**2 - 3*w + 9. Let o(z) = 7*z**3 - z**2 + z - 4. Let g(k) = -13*o(k) - 6*y(k). Let r be g(3). Let b(h) = -h - 9. Calculate b(r).
-4
Let y(r) = 8*r + 54. Let s(c) = -2*c - 12. Let z(k) = 14*s(k) + 3*y(k). Determine z(-2).
2
Suppose -3*l = -p - 1 - 2, -3*p - 9 = l. Let o be p/(-2)*(-2)/(-3). Let t(f) = -f**3 - f + 1. Determine t(o).
-1
Let m(l) = 1 + 4*l - 26*l**2 + 0 + 20*l**2 + 4. What is m(-2)?
-27
Let f(q) = -5*q - 12. Let b(u) = 8 - 4 - 2 - 1 + u. Let y(l) = 6*b(l) + f(l). Let g = -10 + 14. What is y(g)?
-2
Let k(r) = -r + 4. Let l(b) = b**2 - 7*b + 15. Let w be l(6). Let t be k(w). Let u(n) = -n. Let i(h) = -3*h - 1. Let m(o) = i(o) - 5*u(o). Determine m(t).
-11
Let x(f) = f**3 - f**2 - 2*f - 3. Suppose -9*i + 75 = -4*i. Let p be 2*5/(50/i). What is x(p)?
9
Let m be (0 - 7) + -56 + 61. Let y(c) = -5*c**2 - 3*c - 3. Give y(m).
-17
Suppose -1 + 35 = -4*h + 3*b, 1 = h + 4*b. Let d(k) be the first derivative of k**3/3 + 5*k**2/2 - 6*k - 13. Give d(h).
8
Let t(j) = 2*j + 1. Suppose -3*m = -5*g + 110, -m - 13 = g + 37. Let s = m + 39. Calculate t(s).
-11
Let s(y) be the third derivative of -y**4/12 - y**3 - y**2. Suppose 4*t + t - 4*p = 108, -5*p = 10. Suppose -t*k = -24*k - 20. Give s(k).
4
Let b(f) be the first derivative of -f**3/3 - f**2 - f + 5. Let h(p) = 1. Let w(a) = -b(a) + h(a). Give w(-2).
2
Let n(j) = -j**2 - 9*j - 17. Let s be n(-6). Let c be (-6)/(-3 - (-1 - s)). Let f(g) = g**3 - 7*g**2 + 5*g + 6. Determine f(c).
0
Let f(m) = m**3 + 4*m**2 - m - 11. Let c(p) = p**3 + 3*p**2 - p - 12. Let a = 27 + -31. Let t(s) = a*f(s) + 3*c(s). Calculate t(-7).
1
Let c(i) be the first derivative of i**2 + 5. Let m(x) = x + 4. Let d be m(0). Let u = 6 - d. Determine c(u).
4
Let b(w) = w**3 + 6*w**2 + 2*w - 2. Suppose 7*k = 4*k + 12. Suppose 37 = -k*z + 13. What is b(z)?
-14
Let f be -1*3/((-9)/33). Let z(t) = -3*t + 5*t**2 + 2*t**3 + 21*t - f*t - 2*t + 2. What is z(-3)?
-22
Suppose -4*f + 1 + 15 = 0. Suppose -5*j = g - 25, -j = 4*g - f*j - 8. Suppose v = g*v - 12. Let k(y) = -y**3 + y**2 + 4*y - 2. Give k(v).
-8
Let g be 10*(-11 - 54/(-5)). Let s(u) = 4*u + 4. What is s(g)?
-4
Let g(q) be the first derivative of -q**3/3 + q**2 + 485. Calculate g(6).
-24
Let w(o) = -o + 5. Let x be w(0). Let a(q) be the third derivative of 0*q + 1/6*q**3 - 1/24*q**4 + 1/60*q**x - q**2 + 0. What is a(2)?
3
Let n(o) be the third derivative of o**6/120 + o**5/60 - o**4/8 - o**3/2 - o**2. Let c be ((-6)/14)/(13/(-91)). Suppose 2 = -c*k + 2*k. Determine n(k).
-1
Let y(z) = 9*z - 1. Let x be 0/(-2) + 3 - 1. Suppose k + 2 = t + 6*k, 5*t = -2*k - 13. Let p = x + t. Determine y(p).
-10
Let j(o) = o**2 + 7*o - 9. Let m be j(-6). Let y = -15 - m. Suppose -3*a + y*a = -2*d - 19, -2*a = 3*d + 9. Let c(s) = -s**2 + 4*s. Determine c(a).
3
Let v = -1 - -4. Suppose k + 8 - v = 0. Let u(n) = -5 + 5*n**2 - 116*n**3 + 64*n**3 + 53*n**3. Determine u(k).
-5
Let a(i) = 2*i**3 - i - 1. Let u(o) = 3*o + 3*o - 7 - 4*o. Let t be u(3). Determine a(t).
-2
Let c(z) be the third derivative of z**4/24 - 8*z**3/3 + 9*z**2. Let j be c(18). Suppose 7*w - 15 = j*w. Let n(x) = -x**3 + 3*x**2 + 3*x - 4. Determine n(w).
5
Let y(f) = -2*f**3 + 5*f**2 - 5*f + 3. Let p be (-360)/80*4/(-6). Calculate y(p).
-21
Let j(i) = -2*i + 4. Let w(o) = o**3 - 3*o**2 - 5*o + 9. Let u be w(4). Calculate j(u).
-6
Let l(i) = -7*i**3 + 4*i**2 + 8*i + 3. Let c(t) = -6*t**3 + 4*t**2 + 6*t + 3. Let q(y) = 6*c(y) - 5*l(y). What is q(4)?
-13
Suppose 0*z = 4*z + 8. Let i(b) = 41*b + 3*b**2 + 44*b - 158*b + 37*b + 38*b - 2. Determine i(z).
6
Let j(y) = -5*y + 3*y + 15*y**2 + y - 9*y**2 - 7*y**2 - 3. What is j(-6)?
-33
Let m(w) = w**2 - 6. Let a be 2 - -2 - (-1 + (-7 - -7)). Calculate m(a).
19
Let z(k) = 5*k + 3. Let t(s) = 2*s + 2. Let b(q) = -5*t(q) + 3*z(q). Suppose -h + 3 = 3*p, -h = -p + 3*h + 1. Let w be (5/(-10))/(p/(-2)). What is b(w)?
4
Let y(g) be the second derivative of -2*g - g**2 + 1/6*g**3 + 0. What is y(5)?
3
Let a(b) be the second derivative of -b**5/10 + 5*b**4/4 + 3*b**3/2 - 2*b**2 + 13*b - 1. Determine a(8).
4
Let a = -28 - -30. Suppose -j - 2 = -a*j, -5*y + 3*j = 31. Let i(l) = -l**2 - 5*l + 6. What is i(y)?
6
Let g(a) be the third derivative of a**5/60 + a**4/3 - 5*a**3/6 - 90*a**2. Calculate g(-8).
-5
Let n(v) = -4*v - 13. Let f(h) = 6*h + 19. Let m(s) = 5*f(s) + 8*n(s). Suppose -12*b = -8*b + 3*u + 18, -4*b = -5*u + 34. Determine m(b).
3
Let x be 10/(-1) + (-3)/(-3). Let s be (15/x + -2)*-3. Let f = 4 - s. Let l(u) = u + 4. Give l(f).
-3
Suppose 8 = -2*d + 6*d. Suppose 3 = 3*y, 0*l + 4*y = 4*l - 11464. Let u(x) = -x**2 + l - 2867 - x. Calculate u(d).
-6
Let t be (-18 + (-2 - -4))*1/(-2). Suppose -15 = 3*s - t*s. Let r(j) = -2*j + 4. Give r(s).
-2
Suppose v + 14 = -4*x, 3 - 9 = 3*v + 3*x. Let j(m) = -6*m + 0*m + 0*m + 3. Give j(v).
-9
Let y(i) be the third derivative of -i**4/24 - 13*i**3/6 + 25*i**2. Suppose -27 = 7*w + 36. Give y(w).
-4
Let u(d) = -2*d**2 + 6*d + 6. Let l(o) = 5*o**2 - 11*o - 13. Let h(k) = 3*l(k) + 7*u(k). Let q(j) = j**3 - j**2 + j - 8. Let w be q(0). What is h(w)?
-5
Suppose -3 = 3*m - 5*q, -5*q = -2*q - 9. Suppose 0 - 28 = -m*r. Let t(i) = i - 8. Calculate t(r).
-1
Let h(c) be the third derivative of -c**5/60 - 11*c**4/24 + 4*c**3/3 + 2*c**2 - 19. Give h(-12).
-4
Let d(u) = -u**2 + 5 + u + 6*u - 17*u + 2*u**2. Suppose 0 = 3*v - 20 - 10. What is d(v)?
5
Let g(i) be the third derivative of -1/6*i**3 - 16*i**2 + 0*i + 0*i**4 - 1/60*i**5 + 0. What is g(1)?
-2
Let d(g) = -5*g**2 + 5*g + 7. Let s(t) = -12*t**2 + 7*t + 13. Let c(f) = -5*d(f) + 2*s(f). Determine c(10).
-19
Let b(q) = -105 - 104 - 5*q - 11*q**2 + 208 + 4*q. Determine b(-1).
-11
Suppose d + 4 - 6 = 0. Let w(h) = d*h**2 + 9*h + 173 - 167 - 3*h**2. Let z be w(9). Let g(b) = -b**3 + 6*b**2 - 3. Give g(z).
-3
Let m(f) be the third derivative of f**5/60 + f**4/24 - 13*f**3/6 + f**2. Let t be (-2)/((-2)/(-49))*-1. Let c = -49 + t. Determine m(c).
-13
Let n(v) be the third derivative of v**5/60 + v**4/6 - 5*v**3/3 - 2*v**2 + 32*v. Determine n(-7).
11
Let p(i) = 7*i**2 - 1. Suppose 2*z = 2*d - 4, 0*z - 26 = -5*z - 4*d. Let g be (14/4)/(-7)*z. Calculate p(g).
6
Suppose 5*c - 130 = -0*c. Let l(m) = -c*m + 28*m + 0 - 3. What is l(2)?
1
Let z(h) = h**3 - 6*h**2 - h + 6. Let q be z(6). Let o(l) = 4*l**2 + 2 + q + 4 - l**3 - 9 + 6*l. What is o(5)?
2
Let p(w) = 3*w + 15. Let y(l) = 4*l - 1. Let k(d) = p(d) - y(d). What is k(13)?
3
Let f be (1 + 3)/(-4) - -3. Let o(z) = -3 - 24*z**f + 25*z**2 + 0*z + 6*z. Give o(-5).
-8
Let n(v) = -21*v**2 - 23*v - 2. Let f be n(-1). Let w(d) = d**3 - d**2 + 12. Calculate w(f).
12
Let g be 1 + ((-62)/(-217) - (-2)/(-7)). Suppose -m + 2*w + w = -11, 2*w = 3*m - 12. Let v(i) = -2 + m + 4 - 5 - 12*i. What is v(g)?
-13
Let w(c) = c**3 + 6*c**2 + 2*c - 4. Let f be (-3)/(-5) - (1264/40 - -2). Let p = 28 + f. What is w(p)?
11
Let l(o) = o**2 + 8*o + 8. Let t be l(-7). Let m(p) = -5*p**2 + p**2 + t + 3*p**2 + 2*p. Let u(i) = i**2 + 22*i + 44. Let y be u(-20). Give m(y).
-7
Let r(t) = -50*t**2 + 45*t**2 + 4 + 3*t**3 + 4*t - 2*t**3. Let z be r(3). Let o(w) = 2*w**2 + 2*w - 1. What is o(z)?
3
Let a(c) = -c - 2. Let d(n) = -n**3 + 26*n**2 + 55*n + 28. Let l be d(28). Give a(l).
-2
Let l(w) be the second derivative of -w**5/20 - 13*w**4/12 - 13*w**3/6 - 17*w**2/2 - 4*w. Let h be l(-12). Let y(p) = -7*p + 5 - p**2 - 3 - 9. Calculate y(h).
3
Let x(i) = -7*i + 3. Let m(g) = 6*g - 2. Let o(c) = 6*m(c) + 5*x(c). Le